r of y and 12?
12
Let a = 91 - 80. What is the greatest common divisor of a and 77?
11
Let o = -92 + 132. Calculate the highest common divisor of o and 20.
20
Suppose 4*z + 5*i + 0*i - 71 = 0, 0 = -4*z - 3*i + 73. Let q = -17 + z. What is the highest common factor of 2 and q?
2
Suppose 0 = -3*w + 2*c + 8 + 5, 5*w = c + 24. Suppose -208 - 92 = -w*v. Calculate the highest common divisor of 12 and v.
12
Let c = 14 + -3. Let w be 3/(-6)*1*-44. Suppose -w = -v - 0. What is the greatest common divisor of v and c?
11
Let c(u) = 13*u. Let v be c(1). Calculate the greatest common divisor of 143 and v.
13
Let n(x) = x**3 + 10*x**2 + 2*x + 14. Let p be n(-7). Calculate the highest common divisor of 42 and p.
21
Suppose 2*m - 3*m + 11 = 0. What is the greatest common factor of m and 121?
11
Suppose 31 = 3*h + d, -4*d = 2*h - 28 - 6. Let u = -6 + h. Suppose 0 = -5*l + u*l + 18. Calculate the greatest common divisor of l and 36.
9
Let v be (-19 + 13)*(-26)/6. What is the highest common factor of 13 and v?
13
Let j be ((-39)/6 - -3)*-38. What is the highest common factor of 19 and j?
19
Let t(f) = f**3 + 9*f**2 + 6*f - 1. Let r be t(-7). Let z = -48 - 3. Let j = z - -73. Calculate the greatest common factor of j and r.
11
Suppose -n - 13 + 22 = 0. What is the highest common divisor of n and 6?
3
Let l be (12*5/2)/(3/4). What is the highest common factor of 8 and l?
8
Let u(r) = -4*r + 10. Let k be u(-11). Let z = k - 24. Calculate the highest common divisor of z and 10.
10
Let u = 193 - 128. What is the highest common factor of 26 and u?
13
Suppose 0 = 4*z - 11 - 1. Let g be 1/z*9*1. Let x(o) = o**2 + 2. Let s be x(-2). Calculate the highest common divisor of s and g.
3
Let u be (-6 + 7)*(-75*1)/(-1). Calculate the highest common factor of 30 and u.
15
Let h = 3 - -9. Suppose 4*v = v + h. Suppose 5*l = -v*a + 98, 0*l - 4*a + 44 = 2*l. What is the highest common factor of 72 and l?
18
Suppose -4*a = -2233 - 251. Suppose a = 6*r - 3*r. What is the highest common divisor of r and 23?
23
Suppose 4*g = v - 26, -g + 0*g + 2*v = 10. Let f be (56/g)/(2/(-12)). Let b(i) = -11*i + 3. Let z be b(-1). Calculate the greatest common factor of z and f.
14
Suppose -148 = -5*z + 77. What is the highest common factor of 27 and z?
9
Let b be 9*3*5/9. Let g(x) = -2*x - 7. Let f be g(-5). What is the greatest common divisor of b and f?
3
Let m = -3 + 15. Suppose -4*j + m = -2*j. What is the greatest common factor of 42 and j?
6
Suppose h + 2 = 8. Calculate the highest common divisor of h and 48.
6
Suppose 26 = -4*d + 166. What is the highest common divisor of d and 7?
7
Suppose 3*r - 9*r = -96. Let m = 17 - r. Calculate the greatest common factor of m and 1.
1
Let r = -26 + 38. Let z(m) = 13*m**2. Let q be z(-1). Suppose 5*j = -3*w + 126, -5*w - q = -2*j + 25. What is the greatest common factor of j and r?
12
Let h(w) = 8*w + 10. Let j be h(2). Calculate the highest common divisor of 104 and j.
26
Suppose k = -0 + 1. Let z be (k + 0 - 2)*-7. Calculate the highest common factor of 77 and z.
7
Let s be ((-10)/(-15))/((-2)/(-39)). Let r = 21 + 44. Calculate the highest common factor of r and s.
13
Let k be (-2)/(-9) + 1184/18. Suppose -4*v - 66 = -15*v. What is the greatest common factor of v and k?
6
Suppose 3*u - 118 = -76. Calculate the highest common factor of 126 and u.
14
Let o = -4 + 11. Suppose -v - 3*m = -10, -o = 5*v - 2*m - 2*m. What is the greatest common divisor of v and 3?
1
Let n = 64 - 33. Let m(z) = -z**3 + 3*z**2 + 6*z - 2. Let d be m(4). Suppose -3*w = 4*x - n, -x - 2 = -w + d. Calculate the highest common divisor of 9 and w.
9
Let p be (-12)/(-1) - (-1 + 0). Suppose 3*y + 18 = 3*n, 5*n + 3*y = -0*y + 38. Suppose 6*s - n*s = -13. What is the highest common factor of p and s?
13
Let z(o) = o**3 + o**2 + o + 4. Let f be z(0). Suppose f*i = 5*i - 3. Suppose -i*a - 252 = -7*a. Calculate the greatest common divisor of a and 7.
7
Suppose p - 4*p = -15. Suppose -3*d = -p*d + 120. What is the highest common factor of d and 6?
6
Suppose -k - 4*k = -385. Suppose 2*b - 2 = r - 5, -3*b + 34 = 4*r. Calculate the highest common divisor of k and r.
7
Let p(r) = -r**3 + 6*r + 7. Let i be p(-4). What is the greatest common divisor of i and 329?
47
Let w be (5 + -1)*(0 + 6 - 5). Calculate the greatest common divisor of 28 and w.
4
Let b(s) = s**3 + s - 21. Let l be b(0). Let w be (2 - -3)/(3/(-9)). Let x = w - l. What is the greatest common divisor of x and 9?
3
Let q(l) = 14*l**3 - l**2 + l. Let x be q(1). Suppose -4*j + 181 = 13. What is the highest common factor of x and j?
14
Suppose -6 + 0 = -a. Let m be 11/3 - 2/3. Calculate the highest common divisor of a and m.
3
Suppose 0*x + x - 36 = -5*w, 0 = -4*x + 4*w + 96. Calculate the highest common divisor of 13 and x.
13
Let b(a) = 2*a**3 - 2*a**2 - a + 4. Let s be b(2). What is the highest common divisor of s and 50?
10
Suppose 4*w = -12, 0*w + 3*w = 2*p - 57. Calculate the highest common divisor of p and 72.
24
Let x(t) = 2*t - 9. Let d be x(6). Suppose -4*z + 46 + 47 = d*g, 0 = z + 4*g - 33. What is the greatest common divisor of z and 105?
21
Let b(s) = -25*s. Let x(t) = -99*t. Let n(c) = 11*b(c) - 3*x(c). Let j be n(1). Calculate the greatest common divisor of j and 198.
22
Suppose 3*o = -o + 16. Suppose -4*h - o = -0. Let a be (66*h)/((-24)/16). What is the highest common factor of 4 and a?
4
Suppose -6 = y - 2*q + 9, -4*y - 5 = 3*q. Let s = y - -4. Let n = s + 14. What is the greatest common factor of n and 52?
13
Let p be ((-4)/(-1))/(6/39). Let j = p + -8. Calculate the highest common divisor of j and 9.
9
Suppose -7*d + 2*v + 183 = -4*d, 5*d - 2*v - 309 = 0. What is the highest common divisor of d and 42?
21
Let h(s) = -5 + 2 + 7 - 19*s. Let i(b) = -b + 4. Let v be i(8). Let p be h(v). Calculate the highest common factor of p and 10.
10
Let f be (-1640)/(-25) - 3/5. Let i(o) = 2*o + 1. Let r be i(2). Suppose 0*s - s + r*n + 33 = 0, 4*s = -5*n + 32. What is the greatest common factor of f and s?
13
Let y be 3/(-4) - 184/(-32). Let u be 6/(-30) - (-61)/y. Let o be (u/8)/(3/52). What is the greatest common factor of 13 and o?
13
Suppose -11*c + 18*c - 770 = 0. What is the highest common divisor of c and 165?
55
Suppose -o + 6*g - g + 24 = 0, 4*g = 5*o - 78. Suppose o + 4 = 6*k. What is the greatest common divisor of 12 and k?
3
Suppose -3*o = o - 216. Calculate the highest common divisor of 6 and o.
6
Suppose -l - w - 20 = -4*l, 0 = -5*l - 4*w + 56. Let c(k) = -7*k - 2. Let q be c(-6). Calculate the highest common factor of l and q.
8
Suppose 0 = -5*y + 123 - 3. Let f(l) = -l. Let p be f(-6). Calculate the greatest common divisor of p and y.
6
Suppose 3*z = -5*s + 63, -z - 2*z + 3*s = -63. What is the greatest common factor of 189 and z?
21
Let a be 0 - (-146)/3*-6. Let d = 409 + a. Calculate the greatest common factor of d and 13.
13
Let w be ((-8)/(-6))/((60/153)/10). What is the highest common factor of w and 85?
17
Let v = 11 + -5. Let l = -6 + v. Let r = l + 10. Calculate the greatest common divisor of r and 100.
10
Suppose 371 = 4*a + 71. Let p be a/6 - (-1)/(-2). Calculate the highest common factor of 12 and p.
12
Let r = -11 + 15. Suppose 0 = r*d - 5*d + 4*f + 100, -3*d = -3*f - 255. Let b = 5 + 5. Calculate the greatest common factor of d and b.
10
Suppose -2*i = 3*i - 1550. Calculate the greatest common divisor of 31 and i.
31
Let j(r) = -36*r - 1. Let f be j(-1). What is the greatest common divisor of f and 14?
7
Suppose 415 = 6*r - r. Suppose 2*w = r - 11. What is the greatest common factor of w and 12?
12
Suppose -4*k + 12 = -0*k. Suppose 0 = -k*y + 3 + 3. Suppose -f + 4*f = 5*q + 48, 2*f + 2*q = 32. Calculate the greatest common divisor of f and y.
2
Suppose 5*d - 272 = d. Suppose 5*v - 3*v = 34. What is the highest common factor of d and v?
17
Suppose p = -4*r - 2*p + 475, 2*p + 450 = 4*r. Let g(w) = -5*w + 3. Let o be g(-4). Calculate the greatest common factor of r and o.
23
Suppose h + 4*h = 75. What is the greatest common factor of 30 and h?
15
Suppose 5*z - 32 = 13. Let b(s) = s + 11. Let q be b(z). Calculate the highest common factor of 30 and q.
10
Let s(f) = 21*f**2 + 3*f + 2. Let x be s(3). Suppose -5*y + 2*j - j = -x, 0 = -y - 5*j + 40. What is the highest common divisor of 5 and y?
5
Let p(o)